 w(h) = h - 23. Determine w(0).
-23
Let p(h) = -h**3 - 8*h**2 + 5*h + 9. Calculate p(-9).
45
Let t(x) = 6*x**2. Calculate t(3).
54
Let h(k) = k**3 + 35*k**2 + 34*k + 4. Calculate h(-34).
4
Let g(r) = -3*r**2 + r. Give g(-1).
-4
Let c(w) = 4*w**2 - w. Give c(-1).
5
Let j(o) = -o**3 + 6*o**2 - o + 25. Give j(6).
19
Let j(d) = 2*d**3 - 21*d**2 + 7*d + 27. Calculate j(10).
-3
Let r(d) = d**3 + 7*d**2 - 3*d - 17. What is r(-7)?
4
Let v(p) = -p**3 - 9*p**2 - 11*p + 1. Calculate v(-8).
25
Let u(m) = m**3 - 9*m**2 - 10*m - 3. Determine u(10).
-3
Let l(r) = 2*r**3 - 19*r**2 + 12*r - 4. Determine l(9).
23
Let o(f) = -33*f + 1054. Determine o(32).
-2
Let g(z) = -z**3 - 8*z**2 - 16*z - 9. Calculate g(-6).
15
Let g(h) = 2*h + 52. Give g(-24).
4
Let u(q) = 14*q - 26. Give u(-6).
-110
Let m(r) = 6*r - 242. Determine m(41).
4
Let w(k) = k**2 + 7*k - 3. What is w(-6)?
-9
Let t(f) = f**3 + 4*f**2 - 2*f - 7. Calculate t(-4).
1
Let b(a) = -a**2 - 101*a - 296. Determine b(-98).
-2
Let d(n) = n**2 + 7*n - 21. Give d(-8).
-13
Let k(b) = b + 6. Calculate k(-3).
3
Let z(p) = p**2 - 2*p + 4. Determine z(3).
7
Let p(c) = c**3 - 2*c**2 - 9*c - 21. Calculate p(0).
-21
Let t(h) = -h**3 + 4*h**2 - 5*h + 7. Determine t(2).
5
Let l(b) = 2*b - 66. Determine l(0).
-66
Let i(f) = f**3 - 6*f**2 + 6*f - 6. Determine i(4).
-14
Let o(m) = m**2 + 6*m - 6. Calculate o(-4).
-14
Let x(b) = 5*b + 4. What is x(0)?
4
Let z(g) = 5*g - 135. What is z(22)?
-25
Let y(l) = -l**3 + 11*l**2 + 19*l - 20. Determine y(12).
64
Let i(a) = -a**3 - 29*a**2 + 31*a + 33. Give i(-30).
3
Let z(l) = -3*l + 28. Give z(9).
1
Let c(w) = 13*w + 57. What is c(-6)?
-21
Let k(a) = -8*a - 2. Calculate k(5).
-42
Let i(u) = -u**2 + 3*u - 4. Give i(3).
-4
Let z(f) = -f**3 - 13*f**2 + 18*f + 25. What is z(-14)?
-31
Let p(k) = -3*k**2 - 5*k + 8. What is p(-3)?
-4
Let d(j) = 2*j**2 + 66*j - 1. Determine d(-33).
-1
Let v(a) = 2*a**3 - 25*a**2 + 13*a - 17. Determine v(12).
-5
Let h(d) = 2*d**2 + 4*d. Give h(-3).
6
Let f(r) = -r**3 - r**2 - 16. Determine f(0).
-16
Let j(l) = -9*l - 22. Determine j(5).
-67
Let k(g) = g + 12. Determine k(-12).
0
Let u(t) = -6*t + 25. What is u(4)?
1
Let m(u) = u**2 + 19*u + 5. Give m(-16).
-43
Let l(t) = -t**2 + 10*t - 3. Give l(10).
-3
Let q(m) = -m**3 - 6*m**2 - 8*m - 7. Calculate q(-5).
8
Let y(j) = -j**2 + 8*j + 3. What is y(7)?
10
Let p(v) = 2*v + 3. Give p(5).
13
Let b(p) = p**2 + 35*p + 95. What is b(-3)?
-1
Let g(p) = -p**2 - 4*p + 7. Give g(-4).
7
Let o(c) = c**2 + 12*c - 13. Give o(-13).
0
Let l(y) = 6*y**2 - 35*y + 30. Determine l(5).
5
Let c(k) = -33*k + 302. What is c(9)?
5
Let j(o) = -o**3 - 9*o**2 + 12*o + 21. Give j(-10).
1
Let x(b) = 2*b - 7. Determine x(-2).
-11
Let y(t) = 14*t + 18. Calculate y(6).
102
Let s(m) = m**2 + 19*m - 19. Give s(-20).
1
Let x(h) = -3*h - 17. Give x(-6).
1
Let r(k) = 3*k + 16. What is r(-7)?
-5
Let i(l) = l**2 - 18*l - 21. What is i(22)?
67
Let v(z) = -2*z**3 - 52*z**2 + 55*z + 22. Give v(-27).
-5
Let u(w) = -w**3 + 11*w**2 - 22*w - 13. Determine u(8).
3
Let p(n) = -2*n + 4. Give p(-7).
18
Let v(m) = -m + 16. What is v(15)?
1
Let r(d) = 2*d**2 - d - 4. What is r(3)?
11
Let i(a) = a**3 - 7*a**2 - 3*a + 17. Calculate i(7).
-4
Let i(a) = a**2 + 17*a + 6. Determine i(-16).
-10
Let v(j) = -j**2 - 6*j - 7. Determine v(-6).
-7
Let p(m) = 3*m + 23. Determine p(12).
59
Let s(i) = -12*i + 26. Calculate s(2).
2
Let j(q) = 41*q - 333. Calculate j(8).
-5
Let o(w) = -w**3 + w - 2. Determine o(-2).
4
Let p(b) = -2*b**2 + 6*b + 1. Calculate p(5).
-19
Let b(m) = -2*m - 6. What is b(-3)?
0
Let c(f) = -2*f**2 - 2*f - 4. Calculate c(0).
-4
Let r(o) = -o + 36. Determine r(37).
-1
Let k(z) = z**2 - 51. Calculate k(0).
-51
Let i(c) = -7*c**2 + 2. Determine i(-1).
-5
Let p(f) = 2*f**2 + 19*f + 11. Calculate p(-9).
2
Let l(c) = -c**3 - 11*c**2 - 9*c + 17. Give l(-10).
7
Let f(w) = w**3 + 13*w**2 + 2*w + 7. What is f(-13)?
-19
Let m(l) = -l - 12. What is m(-12)?
0
Let x(v) = v - 7. Calculate x(9).
2
Let u(s) = 3*s**2 + 11*s + 1. Calculate u(-4).
5
Let j(w) = 43*w**3 + 2*w - 1. What is j(1)?
44
Let n(j) = j + 14. Give n(0).
14
Let i(l) = -77*l + 315. Give i(4).
7
Let r(g) = -4*g**3 - g**2 + 2*g + 1. Determine r(1).
-2
Let v(q) = -q**3 - 20*q**2 + 44*q + 8. Determine v(-22).
8
Let o(z) = -8*z**2 + 11*z - 3. Determine o(2).
-13
Let w(g) = 3*g**3 - 7*g**2 + 5*g - 4. Give w(2).
2
Let h(r) = 53*r - 52. Calculate h(1).
1
Let m(z) = -8*z - 4. Give m(3).
-28
Let j(v) = -v**3 - 5*v**2 + 5*v + 32. Give j(-4).
-4
Let f(o) = o**3 - 4*o**2 + 5*o + 2. Calculate f(5).
52
Let z(k) = k**3 - 30*k**2 - 1. Calculate z(30).
-1
Let p(c) = 8*c**2 - 4*c + 2. Give p(2).
26
Let f(t) = -10*t - 6. Determine f(5).
-56
Let s(z) = 55*z + 1. Give s(-1).
-54
Let o(a) = -a**2 - a + 146. Calculate o(-13).
-10
Let v(j) = j**3 + 17*j**2 + 18*j + 21. Calculate v(-16).
-11
Let q(y) = y**3 + y - 2. What is q(1)?
0
Let m(f) = 3*f + 8. Calculate m(-3).
-1
Let r(b) = -b**3 + 2*b**2 - 4. Determine r(3).
-13
Let m(c) = c**3 - 42*c**2 + 81*c + 29. Calculate m(40).
69
Let u(b) = -2*b**3 - 63*b**2 + 33*b + 38. Calculate u(-32).
6
Let q(g) = -3*g**2 - g + 1. Give q(2).
-13
Let h(f) = -12*f + 20. Determine h(2).
-4
Let c(q) = -31*q**2 + 90*q + 10. What is c(3)?
1
Let d(z) = -49*z - 1616. Determine d(-33).
1
Let p(n) = 2*n**2 - n - 5. Give p(-4).
31
Let z(n) = 2*n - 33. Give z(17).
1
Let f(s) = -s. What is f(1)?
-1
Let w(b) = b**3 + 20*b**2 - 4*b - 26. Determine w(-20).
54
Let m(a) = -3*a**3 + 59*a**2 + 18*a - 11. Determine m(20).
-51
Let d(v) = -v**3 - 11*v**2 - v - 8. What is d(-11)?
3
Let t(u) = -50*u + 1. Give t(-1).
51
Let l(v) = -12*v - 304. What is l(-27)?
20
Let o(b) = b**2 + 15*b + 10. Determine o(0).
10
Let v(p) = 25*p - 1. Determine v(-2).
-51
Let k(h) = -h - 18. Calculate k(-16).
-2
Let i(q) = -q**3 - q + 53. Give i(0).
53
Let y(l) = -l**2 - 17*l - 12. Determine y(-16).
4
Let k(g) = -63*g**3 - g**2 - g + 2. Calculate k(1).
-63
Let f(u) = u**3 - 9*u**2 + 30*u - 131. Give f(7).
-19
Let m(g) = g**2 + 7*g - 60. What is m(-12)?
0
Let j(i) = i**3 - 5*i**2 + 2*i. Calculate j(5).
10
Let j(h) = -6*h - 44. What is j(-12)?
28
Let g(x) = -25*x + 44. Determine g(2).
-6
Let g(j) = 2*j + 21. Determine g(-10).
1
Let b(a) = -4*a - 5. Calculate b(-9).
31
Let r(n) = 14*n - 8. What is r(2)?
20
Let l(z) = -19*z**3 + z + 2. Give l(-1).
20
Let w(l) = 4*l + 66. What is w(-16)?
2
Let d(f) = -f + 5. What is d(-4)?
9
Let o(k) = k**3 - 13*k**2 + 15*k - 16. Give o(12).
20
Let j(p) = -p**3 - 4*p**2 + 2*p - 43. Calculate j(0).
-43
Let y(s) = -s**2 + 11*s + 5. Determine y(6).
35
Let r(k) = k**2 - 9*k - 11. Determine r(8).
-19
Let y(r) = 4*r**3 - 2*r**2 - r + 6. Calculate y(2).
28
Let s(y) = y**2 + 4*y + 12. What is s(-6)?
24
Let j(s) = -3*s + 3. Determine j(-6).
21
Let x(k) = -38*k - 5. Determine x(-3).
109
Let s(t) = 2*t**3 - 10*t**2 + 5*t + 9. Give s(4).
-3
Let c(p) = p**2 - 18*p - 22. What is c(19)?
-3
Let j(b) = b**2 - 14*b - 25. Determine j(15).
-10
Let b(q) = q**3 - 4*q**2 + 4*q. Calculate b(4).
16
Let l(s) = 9*s**2 + 6*s - 1. Determine l(-3).
62
Let u(s) = -3*s**3 - 23*s**2 + 6*s - 43. Give u(-8).
-27
Let g(l) = -l**3 + l**2 + 11*l + 11. Give g(5).
-34
Let k(p) = -p + 2. What is k(13)?
-11
Let p(u) = u**2 + 13*u - 36. Give p(-15).
-6
Let c(i) = -i**3 + 5*i**2 - 3*i - 2. Calculate c(3).
7
Let f(u) = -3*u**2 - 29*u - 80. Give f(-6).
-14
Let o(m) = m**2 + 7*m. What is o(-6)?
-6
Let y(s) = 5*s - 18. What is y(4)?
2
Let l(j) = 9*j + 38. What is l(-5)?
-7
Let x(h) = -h**3 - 5*h**2 + 2*h - 3. Determine x(-5).
-13
Let z(u) = -53*u + 87. What is z(2)?
-19
Let m(z) = 2*z**2 + 5*z + 2. What is m(-2)?
0
Let m(u) = 91*u - 730. Calculate m(8).
-2
Let u(h) = -h**2 + 12*h - 17. Give u(8).
15
Let b(i) = i**3 - 11*i**2 + 11*i + 11. Give b(10).
21
Let w(a) = 2*a + 34. Determine w(21).
76
Let r(v) = -10*v - 2. What is r(-2)?
18
Let y(h) = -h**2 - 15*h - 21. What is y(-14)?
-7
Let c(n) = n - 5. Determine c(-1).
-6
Let z(d) = -d**2 - 2*d - 9. Determine z(-3).
-12
Let r(y) = y + 2. Give r(-9).
-7
Let y(l) = l**3 - 6*l**2 - 6*l + 38. Calculate y(6).
2
Let b(x) = x + 12. What is b(-9)?
3
Let l(f) = -f**3 - 26*f**2 - 30*f - 129. What is l(-25)?
-4
Let i(d) = -d**2 + 4*d + 2. Give i(4).
2
Let o(a) = -5*a**3 - 9*a - 10. Determine o(-2).
48
Let n(l) = l**2 - 12*l